the thousands digit of 77199?
7
What is the hundreds digit of 7216?
2
What is the units digit of 59?
9
What is the tens digit of 695?
9
What is the units digit of 56128?
8
What is the tens digit of 17375?
7
What is the hundreds digit of 1434?
4
What is the hundreds digit of 489?
4
What is the thousands digit of 2499?
2
What is the units digit of 704?
4
What is the thousands digit of 3588?
3
What is the thousands digit of 41029?
1
What is the tens digit of 2166?
6
What is the ten thousands digit of 164548?
6
What is the hundreds digit of 347?
3
What is the thousands digit of 90540?
0
What is the thousands digit of 50335?
0
What is the thousands digit of 7442?
7
What is the thousands digit of 11406?
1
What is the thousands digit of 12083?
2
What is the hundreds digit of 11715?
7
What is the ten thousands digit of 18222?
1
What is the thousands digit of 99769?
9
What is the units digit of 171?
1
What is the units digit of 3901?
1
What is the hundreds digit of 71483?
4
What is the thousands digit of 15850?
5
What is the thousands digit of 2495?
2
What is the units digit of 485?
5
What is the ten thousands digit of 93487?
9
What is the tens digit of 5011?
1
What is the hundreds digit of 438?
4
What is the tens digit of 881?
8
What is the tens digit of 3496?
9
What is the units digit of 28743?
3
What is the units digit of 22525?
5
What is the ten thousands digit of 15389?
1
What is the ten thousands digit of 15709?
1
What is the thousands digit of 6185?
6
What is the tens digit of 727?
2
What is the units digit of 677?
7
What is the units digit of 6154?
4
What is the tens digit of 18620?
2
What is the units digit of 9145?
5
What is the thousands digit of 5705?
5
What is the units digit of 1222?
2
What is the hundreds digit of 2633?
6
What is the thousands digit of 34928?
4
What is the hundreds digit of 1712?
7
What is the hundreds digit of 41581?
5
What is the thousands digit of 1653?
1
What is the units digit of 3197?
7
What is the tens digit of 281?
8
What is the tens digit of 8387?
8
What is the units digit of 262?
2
What is the units digit of 137?
7
What is the units digit of 15606?
6
What is the hundreds digit of 1329?
3
What is the units digit of 1983?
3
What is the ten thousands digit of 78500?
7
What is the thousands digit of 3921?
3
What is the thousands digit of 14600?
4
What is the hundreds digit of 10322?
3
What is the units digit of 4882?
2
What is the thousands digit of 33373?
3
What is the thousands digit of 8713?
8
What is the units digit of 8505?
5
What is the units digit of 2744?
4
What is the units digit of 24476?
6
What is the units digit of 995?
5
What is the units digit of 128485?
5
What is the thousands digit of 2525?
2
What is the tens digit of 49257?
5
What is the ten thousands digit of 11900?
1
What is the ten thousands digit of 17528?
1
What is the hundreds digit of 4869?
8
What is the hundreds digit of 6540?
5
What is the thousands digit of 43364?
3
What is the hundreds digit of 1981?
9
What is the tens digit of 1470?
7
What is the units digit of 402?
2
What is the units digit of 3225?
5
What is the tens digit of 2224?
2
What is the units digit of 12948?
8
What is the tens digit of 10464?
6
What is the hundreds digit of 6558?
5
What is the hundreds digit of 21813?
8
What is the ten thousands digit of 17425?
1
What is the units digit of 687?
7
What is the tens digit of 4704?
0
What is the hundreds digit of 1830?
8
What is the units digit of 7188?
8
What is the thousands digit of 18071?
8
What is the thousands digit of 5502?
5
What is the ten thousands digit of 29684?
2
What is the tens digit of 215?
1
What is the ten thousands digit of 11911?
1
What is the ten thousands digit of 16256?
1
What is the tens digit of 20966?
6
What is the hundreds digit of 10947?
9
What is the ten thousands digit of 93624?
9
What is the thousands digit of 27151?
7
What is the units digit of 20882?
2
What is the ten thousands digit of 11177?
1
What is the units digit of 139?
9
What is the hundreds digit of 148?
1
What is the thousands digit of 24432?
4
What is the thousands digit of 25405?
5
What is the ten thousands digit of 92530?
9
What is the units digit of 14731?
1
What is the units digit of 1046?
6
What is the thousands digit of 18312?
8
What is the thousands digit of 9251?
9
What is the hundreds digit of 64165?
1
What is the tens digit of 1423?
2
What is the thousands digit of 24845?
4
What is the ten thousands digit of 78726?
7
What is the hundreds digit of 404?
4
What is the thousands digit of 20769?
0
What is the units digit of 1657?
7
What is the units digit of 1090?
0
What is the units digit of 100?
0
What is the hundreds digit of 12122?
1
What is the hundreds digit of 3389?
3
What is the tens digit of 69740?
4
What is the tens digit of 1501?
0
What is the units digit of 2389?
9
What is the units digit of 638?
8
What is the tens digit of 194?
9
What is the tens digit of 887?
8
What is the thousands digit of 124522?
4
What is the ten thousands digit of 22350?
2
What is the hundreds digit of 1665?
6
What is the tens digit of 2719?
1
What is the units digit of 1448?
8
What is the tens digit of 123258?
5
What is the tens digit of 20926?
2
What is the thousands digit of 4224?
4
What is the hundreds digit of 283?
2
What is the units digit of 15835?
5
What is the hundreds digit of 178?
1
What is the thousands digit of 6913?
6
What is the hundreds digit of 34357?
3
What is the hundreds digit of 16911?
9
What is the hundreds digit of 9762?
7
What is the ten thousands digit of 44038?
4
What is the units digit of 7800?
0
What is the hundreds digit of 169?
1
What is the thousands digit of 60816?
0
What is the units digit of 47753?
3
What is the units digit of 956?
6
What is the units digit of 5073?
3
What is the hundreds digit of 1662?
6
What is the tens digit of 11063?
6
What is the ten thousands digit of 42568?
4
What is the hundreds digit of 564?
5
What is the units digit of 18672?
2
What is the units digit of 1258?
8
What is the hundreds digit of 37139?
1
What is the units digit of 3279?
9
What is the tens digit of 393?
9
What is the tens digit of 31?
3
What is the hundreds digit of 844?
8
What is the thousands digit of 4752?
4
What is the tens digit of 21297?
9
What is the hundreds digit of 6037?
0
What is the tens digit of 9263?
6
What is the hundreds digit of 9640?
6
What is the hundreds digit of 182?
1
What is the thousands digit of 1733?
1
What is the units digit of 81?
1
What is the hundreds digit of 294?
2
What is the ten thousands digit of 92527?
9
What is the ten thousands digit of 32150?
3
What is the units digit of 3229?
9
What is the units digit of 19882?
2
What is the units digit of 1704?
4
What is the units digit of 1277?
7
What is the thousands digit of 30854?
0
What is the hundreds digit of 5638?
6
What is the tens digit of 52052?
5
What is the thousands digit of 3293?
3
What is the units digit of 630?
0
What is the thousands digit of 7936?
7
What is the tens digit of 340?
4
What is the thousands digit of 2968?
2
What is the ten thousands digit of 64594?
6
What is the thousands digit of 95794?
5
What is the tens digit of 8157?
5
What is the hundreds digit of 10298?
2
What is the thousands digit of 3825?
3
What is the hundreds digit of 5310?
3
What is the hundreds digit of 932?
9
What is the ten thousands digit of 24154?
2
What is the hundreds digit of 6065?
0
What is the units digit of 49135?
5
What is the thousands digit of 1428?
1
What is the thousands digit of 59019?
9
What is the ten thousands digit of 12250?
1
What is the tens digit of 17503?
0
What is the tens digit of 1680?
8
What is the units digit of 1127?
7
What is the tens digit of 1768?
6
What is the units digit of 1408?
8
What is the hundreds digit of 3218?
2
What is the hundreds digit of 4117?
1
What is the units digit of 1953?
3
What is the units digit of 7727?
7
What is the thousands digit of 1679?
1
What is the hundreds digit of 27539?
5
What is the ten thousands digit of 38449?
3
What is the thousands digit of 40202?
0
What is the ten thousands digit of 76502?
7
What is the tens digit of 8057?
5
What is the tens digit of 969?
6
What is the units digit of 14400?
0
What is the tens digit of 257?
5
What is the tens digit of 3155?
5
What is the hundreds dig